{"id":7876,"date":"2018-02-16T21:50:46","date_gmt":"2018-02-16T21:50:46","guid":{"rendered":"http:\/\/www.decintivillalon.com\/wp-content\/uploads\/2018\/02\/Elena-Kasnova.jpg"},"modified":"2018-02-19T16:04:01","modified_gmt":"2018-02-19T16:04:01","slug":"elena-kasnova-2","status":"inherit","type":"attachment","link":"https:\/\/www.decintivillalon.com\/en\/2018\/02\/16\/homenaje-a-rusia\/elena-kasnova-2\/","title":{"rendered":"Elena-Kasnova"},"author":1,"featured_media":0,"comment_status":"closed","ping_status":"closed","template":"","meta":{"_acf_changed":false},"class_list":["post-7876","attachment","type-attachment","status-inherit","hentry"],"acf":[],"yoast_head":"<!-- This site is optimized with the Yoast SEO Premium plugin v14.1 - https:\/\/yoast.com\/wordpress\/plugins\/seo\/ -->\n<meta name=\"robots\" content=\"noindex, follow\" \/>\n<meta property=\"og:locale\" content=\"en_US\" \/>\n<meta property=\"og:type\" content=\"article\" \/>\n<meta property=\"og:title\" content=\"Elena-Kasnova | DeCinti Villal\u00f3n: Academia de Pintura en Madrid D V Madrid, Academia de Pintura de Madrid | \u00d3leo | Acuarela | Dibujo\" \/>\n<meta property=\"og:description\" content=\"[:es] Elena Krasnova &quot; El d\u00eda del Iv\u00e1n Kupala &quot; \u00d3leo sobre lienzo, 50 x 65 cmLa festividad sigue siendo celebrada con entusiasmo entre la juventud rusa. La noche precede a la noche de Tvorila considerada la noche de las travesuras (lo cual concierne en importancia a las fuerzas del orden). El propio d\u00eda del Iv\u00e1n Kupala los ni\u00f1os hacen peleas de agua y realizan bromas, la mayor\u00eda de casos sobre el agua purificadora para alguien. En algunas regiones, el d\u00eda del Iv\u00e1n Kupala es considerado el primer d\u00eda de la temporada de ba\u00f1os, cuando suben las temperaturas del agua en r\u00edos y lagos. [:]\" \/>\n<meta property=\"og:url\" content=\"https:\/\/www.decintivillalon.com\/wp-content\/uploads\/2018\/02\/Elena-Kasnova.jpg\" \/>\n<meta property=\"og:site_name\" content=\"DeCinti Villal\u00f3n: Academia de Pintura en Madrid D V Madrid, Academia de Pintura de Madrid | \u00d3leo | Acuarela | Dibujo\" \/>\n<meta property=\"article:publisher\" content=\"https:\/\/www.facebook.com\/ADVMadrid\" \/>\n<meta property=\"article:modified_time\" content=\"2018-02-19T16:04:01+00:00\" \/>\n<meta property=\"og:image\" content=\"https:\/\/i0.wp.com\/www.decintivillalon.com\/wp-content\/uploads\/2018\/02\/Elena-Kasnova.jpg?fit=1019%2C1024&#038;ssl=1\" \/>\n\t<meta property=\"og:image:width\" content=\"1019\" \/>\n\t<meta property=\"og:image:height\" content=\"1024\" \/>\n<script type=\"application\/ld+json\" class=\"yoast-schema-graph\">{\"@context\":\"https:\/\/schema.org\",\"@graph\":[{\"@type\":\"Organization\",\"@id\":\"https:\/\/www.decintivillalon.com\/en\/#organization\",\"name\":\"DeCinti & Vilall\\u00f3n S.L.\",\"url\":\"https:\/\/www.decintivillalon.com\/en\/\",\"sameAs\":[\"https:\/\/www.facebook.com\/ADVMadrid\",\"https:\/\/www.youtube.com\/user\/artedv\"],\"logo\":{\"@type\":\"ImageObject\",\"@id\":\"https:\/\/www.decintivillalon.com\/en\/#logo\",\"inLanguage\":\"en-US\",\"url\":\"https:\/\/i0.wp.com\/www.decintivillalon.com\/wp-content\/uploads\/2014\/11\/1-logodv-0011.jpg?fit=80%2C80&ssl=1\",\"width\":80,\"height\":80,\"caption\":\"DeCinti & Vilall\\u00f3n S.L.\"},\"image\":{\"@id\":\"https:\/\/www.decintivillalon.com\/en\/#logo\"}},{\"@type\":\"WebSite\",\"@id\":\"https:\/\/www.decintivillalon.com\/en\/#website\",\"url\":\"https:\/\/www.decintivillalon.com\/en\/\",\"name\":\"DeCinti Villal\\u00f3n: Academia de Pintura en Madrid D V Madrid, Academia de Pintura de Madrid | \\u00d3leo | Acuarela | Dibujo\",\"description\":\"Curso nacional e internacional. Profesores expertos Academia de Pintura Especialistas en \\u00d3leo\",\"publisher\":{\"@id\":\"https:\/\/www.decintivillalon.com\/en\/#organization\"},\"potentialAction\":[{\"@type\":\"SearchAction\",\"target\":\"https:\/\/www.decintivillalon.com\/en\/?s={search_term_string}\",\"query-input\":\"required name=search_term_string\"}],\"inLanguage\":\"en-US\"},{\"@type\":\"WebPage\",\"@id\":\"https:\/\/www.decintivillalon.com\/wp-content\/uploads\/2018\/02\/Elena-Kasnova.jpg#webpage\",\"url\":\"https:\/\/www.decintivillalon.com\/wp-content\/uploads\/2018\/02\/Elena-Kasnova.jpg\",\"name\":\"Elena-Kasnova | DeCinti Villal\\u00f3n: Academia de Pintura en Madrid D V Madrid, Academia de Pintura de Madrid | \\u00d3leo | Acuarela | Dibujo\",\"isPartOf\":{\"@id\":\"https:\/\/www.decintivillalon.com\/en\/#website\"},\"datePublished\":\"2018-02-16T21:50:46+00:00\",\"dateModified\":\"2018-02-19T16:04:01+00:00\",\"breadcrumb\":{\"@id\":\"https:\/\/www.decintivillalon.com\/wp-content\/uploads\/2018\/02\/Elena-Kasnova.jpg#breadcrumb\"},\"inLanguage\":\"en-US\",\"potentialAction\":[{\"@type\":\"ReadAction\",\"target\":[\"https:\/\/www.decintivillalon.com\/wp-content\/uploads\/2018\/02\/Elena-Kasnova.jpg\"]}]},{\"@type\":\"BreadcrumbList\",\"@id\":\"https:\/\/www.decintivillalon.com\/wp-content\/uploads\/2018\/02\/Elena-Kasnova.jpg#breadcrumb\",\"itemListElement\":[{\"@type\":\"ListItem\",\"position\":1,\"item\":{\"@type\":\"WebPage\",\"@id\":\"https:\/\/www.decintivillalon.com\/\",\"url\":\"https:\/\/www.decintivillalon.com\/\",\"name\":\"Portada\"}},{\"@type\":\"ListItem\",\"position\":2,\"item\":{\"@type\":\"WebPage\",\"@id\":\"https:\/\/www.decintivillalon.com\/en\/2018\/02\/16\/homenaje-a-rusia\/\",\"url\":\"https:\/\/www.decintivillalon.com\/en\/2018\/02\/16\/homenaje-a-rusia\/\",\"name\":\"Tribute to Russia\"}},{\"@type\":\"ListItem\",\"position\":3,\"item\":{\"@type\":\"WebPage\",\"@id\":\"https:\/\/www.decintivillalon.com\/wp-content\/uploads\/2018\/02\/Elena-Kasnova.jpg\",\"url\":\"https:\/\/www.decintivillalon.com\/wp-content\/uploads\/2018\/02\/Elena-Kasnova.jpg\",\"name\":\"Elena-Kasnova\"}}]}]}<\/script>\n<!-- \/ Yoast SEO Premium plugin. -->","jetpack_shortlink":"https:\/\/wp.me\/a3Hbis-232","jetpack_sharing_enabled":true,"description":{"rendered":"<p class=\"qtranxs-available-languages-message qtranxs-available-languages-message-en\">Sorry, this entry is only available in <a href=\"https:\/\/www.decintivillalon.com\/es\/wp-json\/wp\/v2\/media\/7876\" class=\"qtranxs-available-language-link qtranxs-available-language-link-es\" title=\"Espa\u00f1ol\">Espa\u00f1ol<\/a>. For the sake of viewer convenience, the content is shown below in the alternative language. You may click the link to switch the active language.<\/p><p class=\"attachment\"><a href=\"https:\/\/i0.wp.com\/www.decintivillalon.com\/wp-content\/uploads\/2018\/02\/Elena-Kasnova.jpg?ssl=1\"><img loading=\"lazy\" decoding=\"async\" width=\"300\" height=\"300\" src=\"https:\/\/i0.wp.com\/www.decintivillalon.com\/wp-content\/uploads\/2018\/02\/Elena-Kasnova.jpg?fit=300%2C300&amp;ssl=1\" class=\"attachment-medium size-medium\" alt=\"\" srcset=\"https:\/\/i0.wp.com\/www.decintivillalon.com\/wp-content\/uploads\/2018\/02\/Elena-Kasnova.jpg?w=1019&amp;ssl=1 1019w, https:\/\/i0.wp.com\/www.decintivillalon.com\/wp-content\/uploads\/2018\/02\/Elena-Kasnova.jpg?resize=150%2C150&amp;ssl=1 150w, https:\/\/i0.wp.com\/www.decintivillalon.com\/wp-content\/uploads\/2018\/02\/Elena-Kasnova.jpg?resize=300%2C300&amp;ssl=1 300w\" sizes=\"auto, (max-width: 300px) 100vw, 300px\" data-attachment-id=\"7876\" data-permalink=\"https:\/\/www.decintivillalon.com\/en\/2018\/02\/16\/homenaje-a-rusia\/elena-kasnova-2\/\" data-orig-file=\"https:\/\/i0.wp.com\/www.decintivillalon.com\/wp-content\/uploads\/2018\/02\/Elena-Kasnova.jpg?fit=1019%2C1024&amp;ssl=1\" data-orig-size=\"1019,1024\" data-comments-opened=\"0\" data-image-meta=\"{&quot;aperture&quot;:&quot;4&quot;,&quot;credit&quot;:&quot;Picasa&quot;,&quot;camera&quot;:&quot;NIKON D3100&quot;,&quot;caption&quot;:&quot;&quot;,&quot;created_timestamp&quot;:&quot;1364945015&quot;,&quot;copyright&quot;:&quot;&quot;,&quot;focal_length&quot;:&quot;38&quot;,&quot;iso&quot;:&quot;180&quot;,&quot;shutter_speed&quot;:&quot;0.033333333333333&quot;,&quot;title&quot;:&quot;&quot;,&quot;orientation&quot;:&quot;0&quot;}\" data-image-title=\"Elena-Kasnova\" data-image-description=\"\" data-image-caption=\"&lt;p&gt;&lt;\/p&gt;\n&lt;h5&gt;\tElena \tKrasnova\t&lt;\/h5&gt;\n&lt;p&gt;\t&#8221;\tEl d\u00eda del Iv\u00e1n Kupala\t&#8220;&lt;br \/&gt;\t\u00d3leo sobre lienzo,\t50 x 65\tcm&lt;br \/&gt;La festividad sigue siendo celebrada con entusiasmo entre la juventud rusa. La noche precede a la noche de Tvorila considerada la noche de las travesuras (lo cual concierne en importancia a las fuerzas del orden). El propio d\u00eda del Iv\u00e1n Kupala los ni\u00f1os hacen peleas de agua y realizan bromas, la mayor\u00eda de casos sobre el agua purificadora para alguien. En algunas regiones, el d\u00eda del Iv\u00e1n Kupala es considerado el primer d\u00eda de la temporada de ba\u00f1os, cuando suben las temperaturas del agua en r\u00edos y lagos.&lt;br \/&gt;\n&lt;\/p&gt;\n\" data-large-file=\"https:\/\/i0.wp.com\/www.decintivillalon.com\/wp-content\/uploads\/2018\/02\/Elena-Kasnova.jpg?fit=1019%2C1024&amp;ssl=1\" \/><\/a><\/p>"},"caption":{"rendered":"<p class=\"qtranxs-available-languages-message qtranxs-available-languages-message-en\">Sorry, this entry is only available in <a href=\"https:\/\/www.decintivillalon.com\/es\/wp-json\/wp\/v2\/media\/7876\" class=\"qtranxs-available-language-link qtranxs-available-language-link-es\" title=\"Espa\u00f1ol\">Espa\u00f1ol<\/a>. For the sake of viewer convenience, the content is shown below in the alternative language. You may click the link to switch the active language.<\/p>\n<h5>\tElena \tKrasnova\t<\/h5>\n<p>\t&#8221;\tEl d\u00eda del Iv\u00e1n Kupala\t&#8220;<br \/>\t\u00d3leo sobre lienzo,\t50 x 65\tcm<br \/>La festividad sigue siendo celebrada con entusiasmo entre la juventud rusa. La noche precede a la noche de Tvorila considerada la noche de las travesuras (lo cual concierne en importancia a las fuerzas del orden). El propio d\u00eda del Iv\u00e1n Kupala los ni\u00f1os hacen peleas de agua y realizan bromas, la mayor\u00eda de casos sobre el agua purificadora para alguien. En algunas regiones, el d\u00eda del Iv\u00e1n Kupala es considerado el primer d\u00eda de la temporada de ba\u00f1os, cuando suben las temperaturas del agua en r\u00edos y lagos.<\/p>\n"},"alt_text":"","media_type":"image","mime_type":"image\/jpeg","media_details":{"width":1019,"height":1024,"file":"2018\/02\/Elena-Kasnova.jpg","sizes":{"thumbnail":{"file":"Elena-Kasnova-150x150.jpg","width":150,"height":150,"mime_type":"image\/jpeg","source_url":"https:\/\/i0.wp.com\/www.decintivillalon.com\/wp-content\/uploads\/2018\/02\/Elena-Kasnova.jpg?resize=150%2C150&ssl=1"},"medium":{"file":"Elena-Kasnova-300x300.jpg","width":300,"height":300,"mime_type":"image\/jpeg","source_url":"https:\/\/i0.wp.com\/www.decintivillalon.com\/wp-content\/uploads\/2018\/02\/Elena-Kasnova.jpg?fit=300%2C300&ssl=1"},"medium_large":{"file":"Elena-Kasnova-768x772.jpg","width":768,"height":772,"mime_type":"image\/jpeg","source_url":"https:\/\/i0.wp.com\/www.decintivillalon.com\/wp-content\/uploads\/2018\/02\/Elena-Kasnova.jpg?fit=768%2C772&ssl=1"},"large":{"file":"Elena-Kasnova-1019x1024.jpg","width":1019,"height":1024,"mime_type":"image\/jpeg","source_url":"https:\/\/i0.wp.com\/www.decintivillalon.com\/wp-content\/uploads\/2018\/02\/Elena-Kasnova.jpg?fit=1019%2C1024&ssl=1"},"full":{"file":"Elena-Kasnova.jpg?fit=1019%2C1024&ssl=1","width":1019,"height":1024,"mime_type":"image\/jpeg","source_url":"https:\/\/i0.wp.com\/www.decintivillalon.com\/wp-content\/uploads\/2018\/02\/Elena-Kasnova.jpg?fit=1019%2C1024&ssl=1"}},"image_meta":{"aperture":"4","credit":"Picasa","camera":"NIKON D3100","caption":"","created_timestamp":"1364945015","copyright":"","focal_length":"38","iso":"180","shutter_speed":"0.033333333333333","title":"","orientation":"0","keywords":[]},"ShortPixel":{"type":"lossy","exifKept":"0","date":"2019-05-22 09:15:36","thumbsOpt":4,"thumbsOptList":["Elena-Kasnova-150x150.jpg","Elena-Kasnova-300x300.jpg","Elena-Kasnova-768x772.jpg","Elena-Kasnova-1019x1024.jpg"],"excludeSizes":[],"retinasOpt":0},"ShortPixelImprovement":"17.65"},"post":7854,"source_url":"https:\/\/www.decintivillalon.com\/wp-content\/uploads\/2018\/02\/Elena-Kasnova.jpg","_links":{"self":[{"href":"https:\/\/www.decintivillalon.com\/en\/wp-json\/wp\/v2\/media\/7876","targetHints":{"allow":["GET"]}}],"collection":[{"href":"https:\/\/www.decintivillalon.com\/en\/wp-json\/wp\/v2\/media"}],"about":[{"href":"https:\/\/www.decintivillalon.com\/en\/wp-json\/wp\/v2\/types\/attachment"}],"author":[{"embeddable":true,"href":"https:\/\/www.decintivillalon.com\/en\/wp-json\/wp\/v2\/users\/1"}],"replies":[{"embeddable":true,"href":"https:\/\/www.decintivillalon.com\/en\/wp-json\/wp\/v2\/comments?post=7876"}]}}

<!-- This site is optimized with the Yoast SEO Premium plugin v14.1 - https://yoast.com/wordpress/plugins/seo/ -->
<meta name="robots" content="noindex, follow" />
<meta property="og:locale" content="en_US" />
<meta property="og:type" content="article" />
<meta property="og:title" content="Elena-Kasnova | DeCinti Villalón: Academia de Pintura en Madrid D V Madrid, Academia de Pintura de Madrid | Óleo | Acuarela | Dibujo" />
<meta property="og:description" content="[:es] Elena Krasnova &quot; El día del Iván Kupala &quot; Óleo sobre lienzo, 50 x 65 cmLa festividad sigue siendo celebrada con entusiasmo entre la juventud rusa. La noche precede a la noche de Tvorila considerada la noche de las travesuras (lo cual concierne en importancia a las fuerzas del orden). El propio día del Iván Kupala los niños hacen peleas de agua y realizan bromas, la mayoría de casos sobre el agua purificadora para alguien. En algunas regiones, el día del Iván Kupala es considerado el primer día de la temporada de baños, cuando suben las temperaturas del agua en ríos y lagos. [:]" />
<meta property="og:url" content="https://www.decintivillalon.com/wp-content/uploads/2018/02/Elena-Kasnova.jpg" />
<meta property="og:site_name" content="DeCinti Villalón: Academia de Pintura en Madrid D V Madrid, Academia de Pintura de Madrid | Óleo | Acuarela | Dibujo" />
<meta property="article:publisher" content="https://www.facebook.com/ADVMadrid" />
<meta property="article:modified_time" content="2018-02-19T16:04:01+00:00" />
<meta property="og:image" content="https://i0.wp.com/www.decintivillalon.com/wp-content/uploads/2018/02/Elena-Kasnova.jpg?fit=1019%2C1024&#038;ssl=1" />
	<meta property="og:image:width" content="1019" />
	<meta property="og:image:height" content="1024" />
<script type="application/ld+json" class="yoast-schema-graph">{"@context":"https://schema.org","@graph":[{"@type":"Organization","@id":"https://www.decintivillalon.com/en/#organization","name":"DeCinti & Vilall\u00f3n S.L.","url":"https://www.decintivillalon.com/en/","sameAs":["https://www.facebook.com/ADVMadrid","https://www.youtube.com/user/artedv"],"logo":{"@type":"ImageObject","@id":"https://www.decintivillalon.com/en/#logo","inLanguage":"en-US","url":"https://i0.wp.com/www.decintivillalon.com/wp-content/uploads/2014/11/1-logodv-0011.jpg?fit=80%2C80&ssl=1","width":80,"height":80,"caption":"DeCinti & Vilall\u00f3n S.L."},"image":{"@id":"https://www.decintivillalon.com/en/#logo"}},{"@type":"WebSite","@id":"https://www.decintivillalon.com/en/#website","url":"https://www.decintivillalon.com/en/","name":"DeCinti Villal\u00f3n: Academia de Pintura en Madrid D V Madrid, Academia de Pintura de Madrid | \u00d3leo | Acuarela | Dibujo","description":"Curso nacional e internacional. Profesores expertos Academia de Pintura Especialistas en \u00d3leo","publisher":{"@id":"https://www.decintivillalon.com/en/#organization"},"potentialAction":[{"@type":"SearchAction","target":"https://www.decintivillalon.com/en/?s={search_term_string}","query-input":"required name=search_term_string"}],"inLanguage":"en-US"},{"@type":"WebPage","@id":"https://www.decintivillalon.com/wp-content/uploads/2018/02/Elena-Kasnova.jpg#webpage","url":"https://www.decintivillalon.com/wp-content/uploads/2018/02/Elena-Kasnova.jpg","name":"Elena-Kasnova | DeCinti Villal\u00f3n: Academia de Pintura en Madrid D V Madrid, Academia de Pintura de Madrid | \u00d3leo | Acuarela | Dibujo","isPartOf":{"@id":"https://www.decintivillalon.com/en/#website"},"datePublished":"2018-02-16T21:50:46+00:00","dateModified":"2018-02-19T16:04:01+00:00","breadcrumb":{"@id":"https://www.decintivillalon.com/wp-content/uploads/2018/02/Elena-Kasnova.jpg#breadcrumb"},"inLanguage":"en-US","potentialAction":[{"@type":"ReadAction","target":["https://www.decintivillalon.com/wp-content/uploads/2018/02/Elena-Kasnova.jpg"]}]},{"@type":"BreadcrumbList","@id":"https://www.decintivillalon.com/wp-content/uploads/2018/02/Elena-Kasnova.jpg#breadcrumb","itemListElement":[{"@type":"ListItem","position":1,"item":{"@type":"WebPage","@id":"https://www.decintivillalon.com/","url":"https://www.decintivillalon.com/","name":"Portada"}},{"@type":"ListItem","position":2,"item":{"@type":"WebPage","@id":"https://www.decintivillalon.com/en/2018/02/16/homenaje-a-rusia/","url":"https://www.decintivillalon.com/en/2018/02/16/homenaje-a-rusia/","name":"Tribute to Russia"}},{"@type":"ListItem","position":3,"item":{"@type":"WebPage","@id":"https://www.decintivillalon.com/wp-content/uploads/2018/02/Elena-Kasnova.jpg","url":"https://www.decintivillalon.com/wp-content/uploads/2018/02/Elena-Kasnova.jpg","name":"Elena-Kasnova"}}]}]}</script>
<!-- / Yoast SEO Premium plugin. -->

<p class="qtranxs-available-languages-message qtranxs-available-languages-message-en">Sorry, this entry is only available in <a href="https://www.decintivillalon.com/es/wp-json/wp/v2/media/7876" class="qtranxs-available-language-link qtranxs-available-language-link-es" title="Español">Español</a>. For the sake of viewer convenience, the content is shown below in the alternative language. You may click the link to switch the active language.</p><p class="attachment"><a href="https://i0.wp.com/www.decintivillalon.com/wp-content/uploads/2018/02/Elena-Kasnova.jpg?ssl=1"><img loading="lazy" decoding="async" width="300" height="300" src="https://i0.wp.com/www.decintivillalon.com/wp-content/uploads/2018/02/Elena-Kasnova.jpg?fit=300%2C300&amp;ssl=1" class="attachment-medium size-medium" alt="" srcset="https://i0.wp.com/www.decintivillalon.com/wp-content/uploads/2018/02/Elena-Kasnova.jpg?w=1019&amp;ssl=1 1019w, https://i0.wp.com/www.decintivillalon.com/wp-content/uploads/2018/02/Elena-Kasnova.jpg?resize=150%2C150&amp;ssl=1 150w, https://i0.wp.com/www.decintivillalon.com/wp-content/uploads/2018/02/Elena-Kasnova.jpg?resize=300%2C300&amp;ssl=1 300w" sizes="auto, (max-width: 300px) 100vw, 300px" data-attachment-id="7876" data-permalink="https://www.decintivillalon.com/en/2018/02/16/homenaje-a-rusia/elena-kasnova-2/" data-orig-file="https://i0.wp.com/www.decintivillalon.com/wp-content/uploads/2018/02/Elena-Kasnova.jpg?fit=1019%2C1024&amp;ssl=1" data-orig-size="1019,1024" data-comments-opened="0" data-image-meta="{&quot;aperture&quot;:&quot;4&quot;,&quot;credit&quot;:&quot;Picasa&quot;,&quot;camera&quot;:&quot;NIKON D3100&quot;,&quot;caption&quot;:&quot;&quot;,&quot;created_timestamp&quot;:&quot;1364945015&quot;,&quot;copyright&quot;:&quot;&quot;,&quot;focal_length&quot;:&quot;38&quot;,&quot;iso&quot;:&quot;180&quot;,&quot;shutter_speed&quot;:&quot;0.033333333333333&quot;,&quot;title&quot;:&quot;&quot;,&quot;orientation&quot;:&quot;0&quot;}" data-image-title="Elena-Kasnova" data-image-description="" data-image-caption="&lt;p&gt;&lt;/p&gt;
&lt;h5&gt;	Elena 	Krasnova	&lt;/h5&gt;
&lt;p&gt;	&#8221;	El día del Iván Kupala	&#8220;&lt;br /&gt;	Óleo sobre lienzo,	50 x 65	cm&lt;br /&gt;La festividad sigue siendo celebrada con entusiasmo entre la juventud rusa. La noche precede a la noche de Tvorila considerada la noche de las travesuras (lo cual concierne en importancia a las fuerzas del orden). El propio día del Iván Kupala los niños hacen peleas de agua y realizan bromas, la mayoría de casos sobre el agua purificadora para alguien. En algunas regiones, el día del Iván Kupala es considerado el primer día de la temporada de baños, cuando suben las temperaturas del agua en ríos y lagos.&lt;br /&gt;
&lt;/p&gt;
" data-large-file="https://i0.wp.com/www.decintivillalon.com/wp-content/uploads/2018/02/Elena-Kasnova.jpg?fit=1019%2C1024&amp;ssl=1" /></a></p>

<p class="qtranxs-available-languages-message qtranxs-available-languages-message-en">Sorry, this entry is only available in <a href="https://www.decintivillalon.com/es/wp-json/wp/v2/media/7876" class="qtranxs-available-language-link qtranxs-available-language-link-es" title="Español">Español</a>. For the sake of viewer convenience, the content is shown below in the alternative language. You may click the link to switch the active language.</p>
<h5>	Elena 	Krasnova	</h5>
<p>	&#8221;	El día del Iván Kupala	&#8220;<br />	Óleo sobre lienzo,	50 x 65	cm<br />La festividad sigue siendo celebrada con entusiasmo entre la juventud rusa. La noche precede a la noche de Tvorila considerada la noche de las travesuras (lo cual concierne en importancia a las fuerzas del orden). El propio día del Iván Kupala los niños hacen peleas de agua y realizan bromas, la mayoría de casos sobre el agua purificadora para alguien. En algunas regiones, el día del Iván Kupala es considerado el primer día de la temporada de baños, cuando suben las temperaturas del agua en ríos y lagos.</p>
